{"id":40,"date":"2013-04-28T17:00:36","date_gmt":"2013-04-28T15:00:36","guid":{"rendered":"http:\/\/suleko.com\/?page_id=40"},"modified":"2016-04-22T23:40:31","modified_gmt":"2016-04-22T21:40:31","slug":"suleko-lecho-de-votre-ame","status":"publish","type":"page","link":"https:\/\/suleko.com\/?page_id=40","title":{"rendered":"SUL\u00c9K\u00d3"},"content":{"rendered":"<p>Ce nom rappelle un po\u00e8me g\u00e9orgien qui est devenu une chanson russe tr\u00e8s populaire \u00ab Souliko \u00bb. Cette chanson parle d\u2019un jeune homme qui cherche son \u00e2me s\u0153ur. C\u2019est en sentant le parfum merveilleux d\u2019une rose qu\u2019il la retrouve.<\/p>\n<p>Cette chanson, tr\u00e8s \u00e9mouvante, r\u00e9v\u00e8le toute la puissance du parfum. Le parfum est le reflet de nous-m\u00eame, il raconte notre histoire, il nous r\u00e9v\u00e8le avant m\u00eame que nous n\u2019ayons dit mot. Le parfum nous survit \u00e9galement, c\u2019est la m\u00e9moire d\u2019un \u00eatre, son souvenir le plus vif. Un parfum bien choisi va magnifier la personne qui le porte, il sera son aura, sa seconde peau, l\u2019\u00e9cho de son \u00e2me \u2013 \u00ab soul-echo\u00a0\u00bb.<\/p>\n<p>SUL\u00c9K\u00d3 refl\u00e8te l\u2019approche d\u2019un parfumeur russe \u00e9migr\u00e9 en France suite \u00e0 la R\u00e9volution : Konstantin Weriguine. Il travailla aux c\u00f4t\u00e9s d\u2019Ernest Beaux chez Bourjois-Chanel. Dans son livre, Souvenirs et Parfums, il d\u00e9crit magnifiquement les parfums de la Russie : l\u2019odeur de la neige, de la terre (tchernoziome), des grandes f\u00eates de P\u00e2ques\u2026et d\u00e9finit ainsi chaque saison olfactivement. SUL\u00c9K\u00d3 s\u2019inspire de cette vision olfactive des quatre saisons et a cr\u00e9\u00e9 quatre univers\u00a0: SUL\u00c9K\u00d3 HIVER, SUL\u00c9K\u00d3 PRINTEMPS, SUL\u00c9K\u00d3 \u00c9T\u00c9 et SUL\u00c9K\u00d3 AUTOMNE d\u00e9finis olfactivement, mais \u00e9galement \u00e9motionnellement. En effet, chaque univers correspond aussi \u00e0 un \u00e9tat d\u2019esprit, une personnalit\u00e9 ou une phase de notre vie.<\/p>\n<p><strong>SUL\u00c9K\u00d3 HIVER<\/strong> se d\u00e9finit comme une saison de contrastes\u00a0; le froid gla\u00e7ant de l\u2019ext\u00e9rieur s\u2019oppose \u00e0 la chaleur d\u2019une maison et la nature se d\u00e9chaine alors m\u00eame que l\u2019on c\u00e9l\u00e8bre la paix et les f\u00eates de fin d\u2019ann\u00e9e. C\u2019est la saison du calme, du silence, du Myst\u00e8re et de la Contemplation.<\/p>\n<p><strong>SUL\u00c9K\u00d3 PRINTEMPS<\/strong> se d\u00e9finit par la nature en \u00e9veil\u00a0; une nature qui nous comble de parfums aux notes lumineuses, joyeuses et fraiches. C\u2019est la saison de l\u2019\u00e9ternelle jeunesse, de l\u2019\u00e9nergie, de la f\u00eate et de la c\u00e9l\u00e9bration de la vie.<\/p>\n<p><strong>SUL\u00c9K\u00d3 \u00c9T\u00c9<\/strong> est d\u00e9fini par le soleil irradiant la chaleur et par une nature luxuriante qui nous enivre de parfums envo\u00fbtants. C\u2019est la saison de l\u2019insouciance, de la libert\u00e9, c\u2019est le r\u00e8gne des \u00e9motions et des passions.<\/p>\n<p><strong>SUL\u00c9K\u00d3 AUTOMNE<\/strong> se d\u00e9finit par la terre et la for\u00eat\u00a0; le processus de r\u00e9g\u00e9n\u00e9ration de la nature commence alors que l\u2019\u00eatre humain entre dans une phase de r\u00e9flexion et de remise en question. C\u2019est la saison du spleen et de la m\u00e9lancolie qui m\u00e8ne \u00e0 un combat violent pour faire \u00e9clater la V\u00e9rit\u00e9.<\/p>\n<p><em><strong>A travers cette d\u00e9couverte des saisons SUL\u00c9K\u00d3 fait de la recherche par chacun de son parfum, un chemin initiatique, une red\u00e9couverte de soi. Vivez cette exp\u00e9rience avec, L\u2019atelier, la Master Classe de SUL\u00c9K\u00d3.<\/strong><\/em><\/p>\n","protected":false},"excerpt":{"rendered":"<p>Ce nom rappelle un po\u00e8me g\u00e9orgien qui est devenu une chanson russe tr\u00e8s populaire \u00ab Souliko \u00bb. Cette chanson parle d\u2019un jeune homme qui cherche son \u00e2me s\u0153ur. C\u2019est en sentant le parfum merveilleux d\u2019une rose qu\u2019il la retrouve. Cette chanson, tr\u00e8s \u00e9mouvante, r\u00e9v\u00e8le toute la puissance du parfum. Le parfum est le reflet de [&hellip;]<\/p>\n","protected":false},"author":1,"featured_media":0,"parent":20,"menu_order":3,"comment_status":"open","ping_status":"open","template":"","meta":[],"_links":{"self":[{"href":"https:\/\/suleko.com\/index.php?rest_route=\/wp\/v2\/pages\/40"}],"collection":[{"href":"https:\/\/suleko.com\/index.php?rest_route=\/wp\/v2\/pages"}],"about":[{"href":"https:\/\/suleko.com\/index.php?rest_route=\/wp\/v2\/types\/page"}],"author":[{"embeddable":true,"href":"https:\/\/suleko.com\/index.php?rest_route=\/wp\/v2\/users\/1"}],"replies":[{"embeddable":true,"href":"https:\/\/suleko.com\/index.php?rest_route=%2Fwp%2Fv2%2Fcomments&post=40"}],"version-history":[{"count":9,"href":"https:\/\/suleko.com\/index.php?rest_route=\/wp\/v2\/pages\/40\/revisions"}],"predecessor-version":[{"id":1277,"href":"https:\/\/suleko.com\/index.php?rest_route=\/wp\/v2\/pages\/40\/revisions\/1277"}],"up":[{"embeddable":true,"href":"https:\/\/suleko.com\/index.php?rest_route=\/wp\/v2\/pages\/20"}],"wp:attachment":[{"href":"https:\/\/suleko.com\/index.php?rest_route=%2Fwp%2Fv2%2Fmedia&parent=40"}],"curies":[{"name":"wp","href":"https:\/\/api.w.org\/{rel}","templated":true}]}}